[INFO] cloning repository https://github.com/softprops/crate-label
[INFO] running `Command { std: "git" "-c" "credential.helper=" "-c" "credential.helper=/workspace/cargo-home/bin/git-credential-null" "clone" "--bare" "https://github.com/softprops/crate-label" "/workspace/cache/git-repos/https%3A%2F%2Fgithub.com%2Fsoftprops%2Fcrate-label", kill_on_drop: false }`
[INFO] [stderr] Cloning into bare repository '/workspace/cache/git-repos/https%3A%2F%2Fgithub.com%2Fsoftprops%2Fcrate-label'...
[INFO] running `Command { std: "git" "rev-parse" "HEAD", kill_on_drop: false }`
[INFO] [stdout] f51907bb3a2650bd3f7227998da4d7bea2ae2bf7
[INFO] building softprops/crate-label against master#881c1ac408d93bb7adaa3a51dabab9266e82eee8 for issue-85264
[INFO] running `Command { std: "git" "clone" "/workspace/cache/git-repos/https%3A%2F%2Fgithub.com%2Fsoftprops%2Fcrate-label" "/workspace/builds/worker-3/source", kill_on_drop: false }`
[INFO] [stderr] Cloning into '/workspace/builds/worker-3/source'...
[INFO] [stderr] done.
[INFO] validating manifest of git repo https://github.com/softprops/crate-label on toolchain 881c1ac408d93bb7adaa3a51dabab9266e82eee8
[INFO] running `Command { std: "/workspace/cargo-home/bin/cargo" "+881c1ac408d93bb7adaa3a51dabab9266e82eee8" "metadata" "--manifest-path" "Cargo.toml" "--no-deps", kill_on_drop: false }`
[INFO] started tweaking git repo https://github.com/softprops/crate-label
[INFO] finished tweaking git repo https://github.com/softprops/crate-label
[INFO] tweaked toml for git repo https://github.com/softprops/crate-label written to /workspace/builds/worker-3/source/Cargo.toml
[INFO] crate git repo https://github.com/softprops/crate-label already has a lockfile, it will not be regenerated
[INFO] running `Command { std: "/workspace/cargo-home/bin/cargo" "+881c1ac408d93bb7adaa3a51dabab9266e82eee8" "fetch" "--manifest-path" "Cargo.toml", kill_on_drop: false }`
[INFO] [stderr]  Downloading crates ...
[INFO] [stderr]   Downloaded cookie v0.1.18
[INFO] [stderr]   Downloaded url v0.2.29
[INFO] [stderr]   Downloaded regex v0.1.28
[INFO] [stderr]   Downloaded hyper v0.3.14
[INFO] [stderr]   Downloaded regex_macros v0.1.15
[INFO] [stderr]   Downloaded openssl-sys v0.6.0
[INFO] [stderr]   Downloaded plugin v0.2.5
[INFO] [stderr]   Downloaded typemap v0.2.1
[INFO] [stderr]   Downloaded openssl v0.6.0
[INFO] [stderr]   Downloaded router v0.0.10
[INFO] [stderr]   Downloaded unsafe-any v0.3.0
[INFO] [stderr]   Downloaded handlebars-iron v0.6.2
[INFO] [stderr]   Downloaded num_cpus v0.2.2
[INFO] [stderr]   Downloaded time v0.1.24
[INFO] [stderr]   Downloaded handlebars v0.6.13
[INFO] running `Command { std: "docker" "create" "-v" "/var/lib/crater-agent-workspace/builds/worker-3/target:/opt/rustwide/target:rw,Z" "-v" "/var/lib/crater-agent-workspace/builds/worker-3/source:/opt/rustwide/workdir:ro,Z" "-v" "/var/lib/crater-agent-workspace/cargo-home:/opt/rustwide/cargo-home:ro,Z" "-v" "/var/lib/crater-agent-workspace/rustup-home:/opt/rustwide/rustup-home:ro,Z" "-e" "SOURCE_DIR=/opt/rustwide/workdir" "-e" "CARGO_TARGET_DIR=/opt/rustwide/target" "-e" "CARGO_HOME=/opt/rustwide/cargo-home" "-e" "RUSTUP_HOME=/opt/rustwide/rustup-home" "-w" "/opt/rustwide/workdir" "-m" "1610612736" "--user" "0:0" "--network" "none" "ghcr.io/rust-lang/crates-build-env/linux@sha256:20528e8c29e4536546f0102ce88568b16ea7538393a33fcca951030f7af10457" "/opt/rustwide/cargo-home/bin/cargo" "+881c1ac408d93bb7adaa3a51dabab9266e82eee8" "metadata" "--no-deps" "--format-version=1", kill_on_drop: false }`
[INFO] [stdout] 034d8305990fbe749430e50c845f00ad03a12eefbf94e687b2d8bbd69b0d1511
[INFO] [stderr] WARNING: Your kernel does not support swap limit capabilities or the cgroup is not mounted. Memory limited without swap.
[INFO] running `Command { std: "docker" "start" "-a" "034d8305990fbe749430e50c845f00ad03a12eefbf94e687b2d8bbd69b0d1511", kill_on_drop: false }`
[INFO] running `Command { std: "docker" "inspect" "034d8305990fbe749430e50c845f00ad03a12eefbf94e687b2d8bbd69b0d1511", kill_on_drop: false }`
[INFO] running `Command { std: "docker" "rm" "-f" "034d8305990fbe749430e50c845f00ad03a12eefbf94e687b2d8bbd69b0d1511", kill_on_drop: false }`
[INFO] [stdout] 034d8305990fbe749430e50c845f00ad03a12eefbf94e687b2d8bbd69b0d1511
[INFO] running `Command { std: "docker" "create" "-v" "/var/lib/crater-agent-workspace/builds/worker-3/target:/opt/rustwide/target:rw,Z" "-v" "/var/lib/crater-agent-workspace/builds/worker-3/source:/opt/rustwide/workdir:ro,Z" "-v" "/var/lib/crater-agent-workspace/cargo-home:/opt/rustwide/cargo-home:ro,Z" "-v" "/var/lib/crater-agent-workspace/rustup-home:/opt/rustwide/rustup-home:ro,Z" "-e" "SOURCE_DIR=/opt/rustwide/workdir" "-e" "CARGO_TARGET_DIR=/opt/rustwide/target" "-e" "CARGO_INCREMENTAL=0" "-e" "RUST_BACKTRACE=full" "-e" "RUSTFLAGS=--cap-lints=forbid" "-e" "CARGO_HOME=/opt/rustwide/cargo-home" "-e" "RUSTUP_HOME=/opt/rustwide/rustup-home" "-w" "/opt/rustwide/workdir" "-m" "1610612736" "--user" "0:0" "--network" "none" "ghcr.io/rust-lang/crates-build-env/linux@sha256:20528e8c29e4536546f0102ce88568b16ea7538393a33fcca951030f7af10457" "/opt/rustwide/cargo-home/bin/cargo" "+881c1ac408d93bb7adaa3a51dabab9266e82eee8" "build" "--frozen" "--message-format=json", kill_on_drop: false }`
[INFO] [stderr] WARNING: Your kernel does not support swap limit capabilities or the cgroup is not mounted. Memory limited without swap.
[INFO] [stdout] e03b6f33dd79b2b9375952feca3e4ead2f5c9ab90d966c7aeaa0844a2147ad67
[INFO] running `Command { std: "docker" "start" "-a" "e03b6f33dd79b2b9375952feca3e4ead2f5c9ab90d966c7aeaa0844a2147ad67", kill_on_drop: false }`
[INFO] [stderr]    Compiling libc v0.1.6
[INFO] [stderr]    Compiling gcc v0.3.4
[INFO] [stderr]    Compiling pkg-config v0.3.3
[INFO] [stderr]    Compiling rustc-serialize v0.3.12
[INFO] [stderr]    Compiling lazy_static v0.1.10
[INFO] [stderr]    Compiling bitflags v0.1.1
[INFO] [stderr]    Compiling typeable v0.1.1
[INFO] [stderr]    Compiling httparse v0.1.1
[INFO] [stderr]    Compiling unicase v0.1.0
[INFO] [stderr]    Compiling regex v0.1.28
[INFO] [stderr]    Compiling route-recognizer v0.1.11
[INFO] [stderr]    Compiling unsafe-any v0.3.0
[INFO] [stderr]    Compiling typemap v0.2.1
[INFO] [stderr]    Compiling error v0.1.7
[INFO] [stdout] error[E0642]: patterns aren't allowed in functions without bodies
[INFO] [stdout]    --> /opt/rustwide/cargo-home/registry/src/github.com-1ecc6299db9ec823/rustc-serialize-0.3.12/src/serialize.rs:144:45
[INFO] [stdout]     |
[INFO] [stdout] 144 | ...                   &f_name: &str,
[INFO] [stdout]     |                       ^^^^^^^ pattern not allowed in function without body
[INFO] [stdout] 
[INFO] [stdout] 
[INFO] [stdout] error[E0432]: unresolved import `std::ffi::AsOsStr`
[INFO] [stdout]   --> /opt/rustwide/cargo-home/registry/src/github.com-1ecc6299db9ec823/rustc-serialize-0.3.12/src/serialize.rs:18:16
[INFO] [stdout]    |
[INFO] [stdout] 18 | use std::ffi::{AsOsStr, OsString};
[INFO] [stdout]    |                ^^^^^^^
[INFO] [stdout]    |                |
[INFO] [stdout]    |                no `AsOsStr` in `ffi`
[INFO] [stdout]    |                help: a similar name exists in the module: `OsStr`
[INFO] [stdout] 
[INFO] [stdout] 
[INFO] [stdout] error[E0432]: unresolved imports `std::num::Float`, `std::num::Int`
[INFO] [stdout]    --> /opt/rustwide/cargo-home/registry/src/github.com-1ecc6299db9ec823/rustc-serialize-0.3.12/src/json.rs:244:16
[INFO] [stdout]     |
[INFO] [stdout] 244 | use std::num::{Float, Int};
[INFO] [stdout]     |                ^^^^^  ^^^ no `Int` in `num`
[INFO] [stdout]     |                |
[INFO] [stdout]     |                no `Float` in `num`
[INFO] [stdout] 
[INFO] [stdout] 
[INFO] [stdout] error[E0658]: use of unstable library feature 'pattern': API not fully fleshed out and ready to be stabilized
[INFO] [stdout]   --> /opt/rustwide/cargo-home/registry/src/github.com-1ecc6299db9ec823/regex-0.1.28/src/re.rs:16:25
[INFO] [stdout]    |
[INFO] [stdout] 16 | use std::str::pattern::{Pattern, Searcher, SearchStep};
[INFO] [stdout]    |                         ^^^^^^^
[INFO] [stdout]    |
[INFO] [stdout]    = note: see issue #27721 <https://github.com/rust-lang/rust/issues/27721> for more information
[INFO] [stdout]    = help: add `#![feature(pattern)]` to the crate attributes to enable
[INFO] [stdout] 
[INFO] [stdout] 
[INFO] [stdout] error[E0658]: use of unstable library feature 'pattern': API not fully fleshed out and ready to be stabilized
[INFO] [stdout]   --> /opt/rustwide/cargo-home/registry/src/github.com-1ecc6299db9ec823/regex-0.1.28/src/re.rs:16:34
[INFO] [stdout]    |
[INFO] [stdout] 16 | use std::str::pattern::{Pattern, Searcher, SearchStep};
[INFO] [stdout]    |                                  ^^^^^^^^
[INFO] [stdout]    |
[INFO] [stdout]    = note: see issue #27721 <https://github.com/rust-lang/rust/issues/27721> for more information
[INFO] [stdout]    = help: add `#![feature(pattern)]` to the crate attributes to enable
[INFO] [stdout] 
[INFO] [stdout] 
[INFO] [stdout] error[E0658]: use of unstable library feature 'pattern': API not fully fleshed out and ready to be stabilized
[INFO] [stdout]   --> /opt/rustwide/cargo-home/registry/src/github.com-1ecc6299db9ec823/regex-0.1.28/src/re.rs:16:44
[INFO] [stdout]    |
[INFO] [stdout] 16 | use std::str::pattern::{Pattern, Searcher, SearchStep};
[INFO] [stdout]    |                                            ^^^^^^^^^^
[INFO] [stdout]    |
[INFO] [stdout]    = note: see issue #27721 <https://github.com/rust-lang/rust/issues/27721> for more information
[INFO] [stdout]    = help: add `#![feature(pattern)]` to the crate attributes to enable
[INFO] [stdout] 
[INFO] [stdout] 
[INFO] [stdout] error[E0658]: use of unstable library feature 'pattern': API not fully fleshed out and ready to be stabilized
[INFO] [stdout]    --> /opt/rustwide/cargo-home/registry/src/github.com-1ecc6299db9ec823/regex-0.1.28/src/re.rs:976:5
[INFO] [stdout]     |
[INFO] [stdout] 976 |     type Searcher = RegexSearcher<'r, 't>;
[INFO] [stdout]     |     ^^^^^^^^^^^^^^^^^^^^^^^^^^^^^^^^^^^^^^
[INFO] [stdout]     |
[INFO] [stdout]     = note: see issue #27721 <https://github.com/rust-lang/rust/issues/27721> for more information
[INFO] [stdout]     = help: add `#![feature(pattern)]` to the crate attributes to enable
[INFO] [stdout] 
[INFO] [stdout] 
[INFO] [stdout] error[E0658]: use of unstable library feature 'pattern': API not fully fleshed out and ready to be stabilized
[INFO] [stdout]    --> /opt/rustwide/cargo-home/registry/src/github.com-1ecc6299db9ec823/regex-0.1.28/src/re.rs:978:5
[INFO] [stdout]     |
[INFO] [stdout] 978 | /     fn into_searcher(self, haystack: &'t str) -> RegexSearcher<'r, 't> {
[INFO] [stdout] 979 | |         RegexSearcher {
[INFO] [stdout] 980 | |             it: self.find_iter(haystack),
[INFO] [stdout] 981 | |             last_step_end: 0,
[INFO] [stdout] 982 | |             next_match: None,
[INFO] [stdout] 983 | |         }
[INFO] [stdout] 984 | |     }
[INFO] [stdout]     | |_____^
[INFO] [stdout]     |
[INFO] [stdout]     = note: see issue #27721 <https://github.com/rust-lang/rust/issues/27721> for more information
[INFO] [stdout]     = help: add `#![feature(pattern)]` to the crate attributes to enable
[INFO] [stdout] 
[INFO] [stdout] 
[INFO] [stdout] error[E0658]: use of unstable library feature 'pattern': API not fully fleshed out and ready to be stabilized
[INFO] [stdout]    --> /opt/rustwide/cargo-home/registry/src/github.com-1ecc6299db9ec823/regex-0.1.28/src/re.rs:975:14
[INFO] [stdout]     |
[INFO] [stdout] 975 | impl<'r, 't> Pattern<'t> for &'r Regex {
[INFO] [stdout]     |              ^^^^^^^^^^^
[INFO] [stdout]     |
[INFO] [stdout]     = note: see issue #27721 <https://github.com/rust-lang/rust/issues/27721> for more information
[INFO] [stdout]     = help: add `#![feature(pattern)]` to the crate attributes to enable
[INFO] [stdout] 
[INFO] [stdout] 
[INFO] [stdout] error[E0658]: use of unstable library feature 'pattern': API not fully fleshed out and ready to be stabilized
[INFO] [stdout]    --> /opt/rustwide/cargo-home/registry/src/github.com-1ecc6299db9ec823/regex-0.1.28/src/re.rs:990:5
[INFO] [stdout]     |
[INFO] [stdout] 990 | /     fn haystack(&self) -> &'t str {
[INFO] [stdout] 991 | |         self.it.search
[INFO] [stdout] 992 | |     }
[INFO] [stdout]     | |_____^
[INFO] [stdout]     |
[INFO] [stdout]     = note: see issue #27721 <https://github.com/rust-lang/rust/issues/27721> for more information
[INFO] [stdout]     = help: add `#![feature(pattern)]` to the crate attributes to enable
[INFO] [stdout] 
[INFO] [stdout] 
[INFO] [stdout] error[E0658]: use of unstable library feature 'pattern': API not fully fleshed out and ready to be stabilized
[INFO] [stdout]     --> /opt/rustwide/cargo-home/registry/src/github.com-1ecc6299db9ec823/regex-0.1.28/src/re.rs:995:5
[INFO] [stdout]      |
[INFO] [stdout] 995  | /     fn next(&mut self) -> SearchStep {
[INFO] [stdout] 996  | |         if let Some((s, e)) = self.next_match {
[INFO] [stdout] 997  | |             self.next_match = None;
[INFO] [stdout] 998  | |             self.last_step_end = e;
[INFO] [stdout] ...    |
[INFO] [stdout] 1022 | |         }
[INFO] [stdout] 1023 | |     }
[INFO] [stdout]      | |_____^
[INFO] [stdout]      |
[INFO] [stdout]      = note: see issue #27721 <https://github.com/rust-lang/rust/issues/27721> for more information
[INFO] [stdout]      = help: add `#![feature(pattern)]` to the crate attributes to enable
[INFO] [stdout] 
[INFO] [stdout] 
[INFO] [stdout] error[E0658]: use of unstable library feature 'pattern': API not fully fleshed out and ready to be stabilized
[INFO] [stdout]    --> /opt/rustwide/cargo-home/registry/src/github.com-1ecc6299db9ec823/regex-0.1.28/src/re.rs:988:21
[INFO] [stdout]     |
[INFO] [stdout] 988 | unsafe impl<'r, 't> Searcher<'t> for RegexSearcher<'r, 't> {
[INFO] [stdout]     |                     ^^^^^^^^^^^^
[INFO] [stdout]     |
[INFO] [stdout]     = note: see issue #27721 <https://github.com/rust-lang/rust/issues/27721> for more information
[INFO] [stdout]     = help: add `#![feature(pattern)]` to the crate attributes to enable
[INFO] [stdout] 
[INFO] [stdout] 
[INFO] [stdout] error[E0658]: use of unstable library feature 'pattern': API not fully fleshed out and ready to be stabilized
[INFO] [stdout]    --> /opt/rustwide/cargo-home/registry/src/github.com-1ecc6299db9ec823/regex-0.1.28/src/re.rs:995:27
[INFO] [stdout]     |
[INFO] [stdout] 995 |     fn next(&mut self) -> SearchStep {
[INFO] [stdout]     |                           ^^^^^^^^^^
[INFO] [stdout]     |
[INFO] [stdout]     = note: see issue #27721 <https://github.com/rust-lang/rust/issues/27721> for more information
[INFO] [stdout]     = help: add `#![feature(pattern)]` to the crate attributes to enable
[INFO] [stdout] 
[INFO] [stdout] 
[INFO] [stdout] error[E0658]: use of unstable library feature 'pattern': API not fully fleshed out and ready to be stabilized
[INFO] [stdout]    --> /opt/rustwide/cargo-home/registry/src/github.com-1ecc6299db9ec823/regex-0.1.28/src/re.rs:999:20
[INFO] [stdout]     |
[INFO] [stdout] 999 |             return SearchStep::Match(s, e);
[INFO] [stdout]     |                    ^^^^^^^^^^^^^^^^^
[INFO] [stdout]     |
[INFO] [stdout]     = note: see issue #27721 <https://github.com/rust-lang/rust/issues/27721> for more information
[INFO] [stdout]     = help: add `#![feature(pattern)]` to the crate attributes to enable
[INFO] [stdout] 
[INFO] [stdout] 
[INFO] [stdout] error[E0658]: use of unstable library feature 'pattern': API not fully fleshed out and ready to be stabilized
[INFO] [stdout]     --> /opt/rustwide/cargo-home/registry/src/github.com-1ecc6299db9ec823/regex-0.1.28/src/re.rs:1006:21
[INFO] [stdout]      |
[INFO] [stdout] 1006 |                     SearchStep::Reject(last, self.haystack().len())
[INFO] [stdout]      |                     ^^^^^^^^^^^^^^^^^^
[INFO] [stdout]      |
[INFO] [stdout]      = note: see issue #27721 <https://github.com/rust-lang/rust/issues/27721> for more information
[INFO] [stdout]      = help: add `#![feature(pattern)]` to the crate attributes to enable
[INFO] [stdout] 
[INFO] [stdout] 
[INFO] [stdout] error[E0658]: use of unstable library feature 'pattern': API not fully fleshed out and ready to be stabilized
[INFO] [stdout]     --> /opt/rustwide/cargo-home/registry/src/github.com-1ecc6299db9ec823/regex-0.1.28/src/re.rs:1008:21
[INFO] [stdout]      |
[INFO] [stdout] 1008 |                     SearchStep::Done
[INFO] [stdout]      |                     ^^^^^^^^^^^^^^^^
[INFO] [stdout]      |
[INFO] [stdout]      = note: see issue #27721 <https://github.com/rust-lang/rust/issues/27721> for more information
[INFO] [stdout]      = help: add `#![feature(pattern)]` to the crate attributes to enable
[INFO] [stdout] 
[INFO] [stdout] 
[INFO] [stdout] error[E0658]: use of unstable library feature 'pattern': API not fully fleshed out and ready to be stabilized
[INFO] [stdout]     --> /opt/rustwide/cargo-home/registry/src/github.com-1ecc6299db9ec823/regex-0.1.28/src/re.rs:1014:21
[INFO] [stdout]      |
[INFO] [stdout] 1014 |                     SearchStep::Match(s, e)
[INFO] [stdout]      |                     ^^^^^^^^^^^^^^^^^
[INFO] [stdout]      |
[INFO] [stdout]      = note: see issue #27721 <https://github.com/rust-lang/rust/issues/27721> for more information
[INFO] [stdout]      = help: add `#![feature(pattern)]` to the crate attributes to enable
[INFO] [stdout] 
[INFO] [stdout] 
[INFO] [stdout] error[E0658]: use of unstable library feature 'pattern': API not fully fleshed out and ready to be stabilized
[INFO] [stdout]     --> /opt/rustwide/cargo-home/registry/src/github.com-1ecc6299db9ec823/regex-0.1.28/src/re.rs:1019:21
[INFO] [stdout]      |
[INFO] [stdout] 1019 |                     SearchStep::Reject(last, s)
[INFO] [stdout]      |                     ^^^^^^^^^^^^^^^^^^
[INFO] [stdout]      |
[INFO] [stdout]      = note: see issue #27721 <https://github.com/rust-lang/rust/issues/27721> for more information
[INFO] [stdout]      = help: add `#![feature(pattern)]` to the crate attributes to enable
[INFO] [stdout] 
[INFO] [stdout] 
[INFO] [stderr]    Compiling log v0.3.1
[INFO] [stderr]    Compiling num_cpus v0.2.2
[INFO] [stderr]    Compiling plugin v0.2.5
[INFO] [stdout] error[E0277]: the size for values of type `Self` cannot be known at compilation time
[INFO] [stdout]    --> /opt/rustwide/cargo-home/registry/src/github.com-1ecc6299db9ec823/rustc-serialize-0.3.12/src/serialize.rs:200:41
[INFO] [stdout]     |
[INFO] [stdout] 200 |     fn decode<D: Decoder>(d: &mut D) -> Result<Self, D::Error>;
[INFO] [stdout]     |                                         ^^^^^^^^^^^^^^^^^^^^^^ doesn't have a size known at compile-time
[INFO] [stdout]     |
[INFO] [stdout] help: consider further restricting `Self`
[INFO] [stdout]     |
[INFO] [stdout] 200 |     fn decode<D: Decoder>(d: &mut D) -> Result<Self, D::Error> where Self: Sized;
[INFO] [stdout]     |                                                                ^^^^^^^^^^^^^^^^^
[INFO] [stdout] 
[INFO] [stdout] 
[INFO] [stderr]    Compiling time v0.1.24
[INFO] [stdout] error[E0658]: use of unstable library feature 'pattern': API not fully fleshed out and ready to be stabilized
[INFO] [stdout]     --> /opt/rustwide/cargo-home/registry/src/github.com-1ecc6299db9ec823/regex-0.1.28/src/re.rs:1003:46
[INFO] [stdout]      |
[INFO] [stdout] 1003 |                 if self.last_step_end < self.haystack().len() {
[INFO] [stdout]      |                                              ^^^^^^^^
[INFO] [stdout]      |
[INFO] [stdout]      = note: see issue #27721 <https://github.com/rust-lang/rust/issues/27721> for more information
[INFO] [stdout]      = help: add `#![feature(pattern)]` to the crate attributes to enable
[INFO] [stdout] 
[INFO] [stdout] 
[INFO] [stdout] error[E0658]: use of unstable library feature 'pattern': API not fully fleshed out and ready to be stabilized
[INFO] [stdout]     --> /opt/rustwide/cargo-home/registry/src/github.com-1ecc6299db9ec823/regex-0.1.28/src/re.rs:1005:47
[INFO] [stdout]      |
[INFO] [stdout] 1005 |                     self.last_step_end = self.haystack().len();
[INFO] [stdout]      |                                               ^^^^^^^^
[INFO] [stdout]      |
[INFO] [stdout]      = note: see issue #27721 <https://github.com/rust-lang/rust/issues/27721> for more information
[INFO] [stdout]      = help: add `#![feature(pattern)]` to the crate attributes to enable
[INFO] [stdout] 
[INFO] [stdout] 
[INFO] [stdout] error[E0658]: use of unstable library feature 'pattern': API not fully fleshed out and ready to be stabilized
[INFO] [stdout]     --> /opt/rustwide/cargo-home/registry/src/github.com-1ecc6299db9ec823/regex-0.1.28/src/re.rs:1006:51
[INFO] [stdout]      |
[INFO] [stdout] 1006 |                     SearchStep::Reject(last, self.haystack().len())
[INFO] [stdout]      |                                                   ^^^^^^^^
[INFO] [stdout]      |
[INFO] [stdout]      = note: see issue #27721 <https://github.com/rust-lang/rust/issues/27721> for more information
[INFO] [stdout]      = help: add `#![feature(pattern)]` to the crate attributes to enable
[INFO] [stdout] 
[INFO] [stdout] 
[INFO] [stdout] error: aborting due to 4 previous errors
[INFO] [stdout] 
[INFO] [stdout] 
[INFO] [stdout] Some errors have detailed explanations: E0277, E0432, E0642.
[INFO] [stdout] 
[INFO] [stdout] For more information about an error, try `rustc --explain E0277`.
[INFO] [stdout] 
[INFO] [stderr] error: could not compile `rustc-serialize`
[INFO] [stderr] 
[INFO] [stderr] To learn more, run the command again with --verbose.
[INFO] [stderr] warning: build failed, waiting for other jobs to finish...
[INFO] [stdout] error: aborting due to 18 previous errors
[INFO] [stdout] 
[INFO] [stdout] 
[INFO] [stdout] For more information about this error, try `rustc --explain E0658`.
[INFO] [stdout] 
[INFO] [stderr] error: build failed
[INFO] running `Command { std: "docker" "inspect" "e03b6f33dd79b2b9375952feca3e4ead2f5c9ab90d966c7aeaa0844a2147ad67", kill_on_drop: false }`
[INFO] running `Command { std: "docker" "rm" "-f" "e03b6f33dd79b2b9375952feca3e4ead2f5c9ab90d966c7aeaa0844a2147ad67", kill_on_drop: false }`
[INFO] [stdout] e03b6f33dd79b2b9375952feca3e4ead2f5c9ab90d966c7aeaa0844a2147ad67
